{"id":2445,"date":"2022-09-16T10:09:50","date_gmt":"2022-09-16T10:09:50","guid":{"rendered":"https:\/\/demo.ovatheme.com\/auntri\/?page_id=2445"},"modified":"2022-09-16T10:09:50","modified_gmt":"2022-09-16T10:09:50","slug":"industrial-services","status":"publish","type":"page","link":"https:\/\/cravsa.ar\/index.php\/industrial-services\/","title":{"rendered":"Industrial Services"},"content":{"rendered":"\t\t<div data-elementor-type=\"wp-page\" data-elementor-id=\"2445\" class=\"elementor elementor-2445\">\n\t\t\t\t\t\t<section class=\"elementor-section elementor-top-section elementor-element elementor-element-0a05a36 elementor-section-boxed elementor-section-height-default elementor-section-height-default\" data-id=\"0a05a36\" data-element_type=\"section\" data-e-type=\"section\">\n\t\t\t\t\t\t<div class=\"elementor-container elementor-column-gap-default\">\n\t\t\t\t\t<div class=\"elementor-column elementor-col-100 elementor-top-column elementor-element elementor-element-fc5ab69\" data-id=\"fc5ab69\" data-element_type=\"column\" data-e-type=\"column\">\n\t\t\t<div class=\"elementor-widget-wrap elementor-element-populated\">\n\t\t\t\t\t\t<div class=\"elementor-element elementor-element-072ef91 elementor-widget elementor-widget-ovasev_elementor_service_box\" data-id=\"072ef91\" data-element_type=\"widget\" data-e-type=\"widget\" data-widget_type=\"ovasev_elementor_service_box.default\">\n\t\t\t\t<div class=\"elementor-widget-container\">\n\t\t\t\t\t\n<div class=\"ova-service-box-elementor three_column\">\n\n\t\n\t\t\n\t<div class=\"ova-service-box-template ova-service-box-template6\">\n        \n        <div class=\"img-service\">\n        \t\t\t\t\t<div class=\"icon\">\n\t\t\t\t\t<i class=\"flaticon-engineering\"><\/i>\n\t\t\t\t<\/div>\n\t\t\t        <\/div>\n        \n        <div class=\"info\">\n        \t\n        \t<a href=\"https:\/\/cravsa.ar\/index.php\/services\/engineering-solutions\/\"  title=\"Electricidad e Instrumentaci\u00f3n (E&amp;I)\">\n\n\t\t        \t\t\t\t\t<h4 class=\"title\">\n\t\t\t\t\t\tElectricidad e Instrumentaci\u00f3n (E&amp;I)\t\t\t\t\t<\/h4>\n\t\t\t\t\n\t\t\t<\/a>\n\n\t\t\t\t\t\t\t<p class=\"description\">\n\t\t\t\t\tInstalaciones el\u00e9ctricas industriales, automatizaci\u00f3n y sistemas de instrumentaci\u00f3n con altos est\u00e1ndares de seguridad y calidad.\t\t\t\t<\/p>\n\t\t\t        <\/div>\n\t\t\n\n\t\t<a class=\"next-button\" href=\"https:\/\/cravsa.ar\/index.php\/services\/engineering-solutions\/\"  title=\"Electricidad e Instrumentaci\u00f3n (E&amp;I)\">\n            <span>Ver M\u00e1s<\/span>\n            <i aria-hidden=\"true\" class=\"flaticon flaticon-right-arrow\"><\/i>\n\t\t<\/a>\n\n\t<\/div>\t\n\t\n\t\t\n\t<div class=\"ova-service-box-template ova-service-box-template6\">\n        \n        <div class=\"img-service\">\n        \t\t\t\t\t<div class=\"icon\">\n\t\t\t\t\t<i class=\"flaticon-maintenance\"><\/i>\n\t\t\t\t<\/div>\n\t\t\t        <\/div>\n        \n        <div class=\"info\">\n        \t\n        \t<a href=\"https:\/\/cravsa.ar\/index.php\/services\/building-maintenance\/\"  title=\"Asistencia y Puesta en Marcha (PEM)\">\n\n\t\t        \t\t\t\t\t<h4 class=\"title\">\n\t\t\t\t\t\tAsistencia y Puesta en Marcha (PEM)\t\t\t\t\t<\/h4>\n\t\t\t\t\n\t\t\t<\/a>\n\n\t\t\t\t\t\t\t<p class=\"description\">\n\t\t\t\t\tServicios de asistencia t\u00e9cnica y puesta en marcha de instalaciones industriales, garantizando seguridad, eficiencia y confiabilidad operativa.\t\t\t\t<\/p>\n\t\t\t        <\/div>\n\t\t\n\n\t\t<a class=\"next-button\" href=\"https:\/\/cravsa.ar\/index.php\/services\/building-maintenance\/\"  title=\"Asistencia y Puesta en Marcha (PEM)\">\n            <span>Ver M\u00e1s<\/span>\n            <i aria-hidden=\"true\" class=\"flaticon flaticon-right-arrow\"><\/i>\n\t\t<\/a>\n\n\t<\/div>\t\n\t\n\t\t\n\t<div class=\"ova-service-box-template ova-service-box-template6\">\n        \n        <div class=\"img-service\">\n        \t\t\t\t\t<div class=\"icon\">\n\t\t\t\t\t<i class=\"flaticon-factory\"><\/i>\n\t\t\t\t<\/div>\n\t\t\t        <\/div>\n        \n        <div class=\"info\">\n        \t\n        \t<a href=\"https:\/\/cravsa.ar\/index.php\/services\/factory-production\/\"  title=\"Montajes estructurales y mec\u00e1nica industrial\">\n\n\t\t        \t\t\t\t\t<h4 class=\"title\">\n\t\t\t\t\t\tMontajes estructurales y mec\u00e1nica industrial\t\t\t\t\t<\/h4>\n\t\t\t\t\n\t\t\t<\/a>\n\n\t\t\t\t\t\t\t<p class=\"description\">\n\t\t\t\t\tSoluciones robustas y adaptadas a entornos de alta exigencia. Montajes eficientes, seguros y certificados.\t\t\t\t<\/p>\n\t\t\t        <\/div>\n\t\t\n\n\t\t<a class=\"next-button\" href=\"https:\/\/cravsa.ar\/index.php\/services\/factory-production\/\"  title=\"Montajes estructurales y mec\u00e1nica industrial\">\n            <span>Ver M\u00e1s<\/span>\n            <i aria-hidden=\"true\" class=\"flaticon flaticon-right-arrow\"><\/i>\n\t\t<\/a>\n\n\t<\/div>\t\n\t\n\t\t\n\t<div class=\"ova-service-box-template ova-service-box-template6\">\n        \n        <div class=\"img-service\">\n        \t\t\t\t\t<div class=\"icon\">\n\t\t\t\t\t<i class=\"flaticon-assembly\"><\/i>\n\t\t\t\t<\/div>\n\t\t\t        <\/div>\n        \n        <div class=\"info\">\n        \t\n        \t<a href=\"https:\/\/cravsa.ar\/index.php\/services\/refinery-machinery\/\"  title=\"Piping\">\n\n\t\t        \t\t\t\t\t<h4 class=\"title\">\n\t\t\t\t\t\tPiping\t\t\t\t\t<\/h4>\n\t\t\t\t\n\t\t\t<\/a>\n\n\t\t\t\t\t\t\t<p class=\"description\">\n\t\t\t\t\tSoluci\u00f3n integral y seguimiento para la construcci\u00f3n y Montaje de piping, prefabricados y en sitio.\t\t\t\t<\/p>\n\t\t\t        <\/div>\n\t\t\n\n\t\t<a class=\"next-button\" href=\"https:\/\/cravsa.ar\/index.php\/services\/refinery-machinery\/\"  title=\"Piping\">\n            <span>Ver M\u00e1s<\/span>\n            <i aria-hidden=\"true\" class=\"flaticon flaticon-right-arrow\"><\/i>\n\t\t<\/a>\n\n\t<\/div>\t\n\t\n\t\t\n\t<div class=\"ova-service-box-template ova-service-box-template6\">\n        \n        <div class=\"img-service\">\n        \t\t\t\t\t<div class=\"icon\">\n\t\t\t\t\t<i class=\"flaticon-construction\"><\/i>\n\t\t\t\t<\/div>\n\t\t\t        <\/div>\n        \n        <div class=\"info\">\n        \t\n        \t<a href=\"https:\/\/cravsa.ar\/index.php\/services\/construction-resources\/\"  title=\"Tendido de ductos (Pipeline)\">\n\n\t\t        \t\t\t\t\t<h4 class=\"title\">\n\t\t\t\t\t\tTendido de ductos (Pipeline)\t\t\t\t\t<\/h4>\n\t\t\t\t\n\t\t\t<\/a>\n\n\t\t\t\t\t\t\t<p class=\"description\">\n\t\t\t\t\tDise\u00f1o, prefabricado, montaje e inspecci\u00f3n de sistemas de ca\u00f1er\u00edas industriales y l\u00edneas para transporte de hidrocarburos.\t\t\t\t<\/p>\n\t\t\t        <\/div>\n\t\t\n\n\t\t<a class=\"next-button\" href=\"https:\/\/cravsa.ar\/index.php\/services\/construction-resources\/\"  title=\"Tendido de ductos (Pipeline)\">\n            <span>Ver M\u00e1s<\/span>\n            <i aria-hidden=\"true\" class=\"flaticon flaticon-right-arrow\"><\/i>\n\t\t<\/a>\n\n\t<\/div>\t\n\t\n<\/div>\t\t\t\t<\/div>\n\t\t\t\t<\/div>\n\t\t\t\t\t<\/div>\n\t\t<\/div>\n\t\t\t\t\t<\/div>\n\t\t<\/section>\n\t\t\t\t<\/div>\n\t\t","protected":false},"excerpt":{"rendered":"<p>Construction Resources Aliq is notm hendr erit a augue insu image pellen simply free text. Learn More<\/p>\n","protected":false},"author":1,"featured_media":0,"parent":0,"menu_order":0,"comment_status":"closed","ping_status":"closed","template":"elementor_header_footer","meta":{"footnotes":""},"class_list":["post-2445","page","type-page","status-publish","hentry"],"_links":{"self":[{"href":"https:\/\/cravsa.ar\/index.php\/wp-json\/wp\/v2\/pages\/2445","targetHints":{"allow":["GET"]}}],"collection":[{"href":"https:\/\/cravsa.ar\/index.php\/wp-json\/wp\/v2\/pages"}],"about":[{"href":"https:\/\/cravsa.ar\/index.php\/wp-json\/wp\/v2\/types\/page"}],"author":[{"embeddable":true,"href":"https:\/\/cravsa.ar\/index.php\/wp-json\/wp\/v2\/users\/1"}],"replies":[{"embeddable":true,"href":"https:\/\/cravsa.ar\/index.php\/wp-json\/wp\/v2\/comments?post=2445"}],"version-history":[{"count":0,"href":"https:\/\/cravsa.ar\/index.php\/wp-json\/wp\/v2\/pages\/2445\/revisions"}],"wp:attachment":[{"href":"https:\/\/cravsa.ar\/index.php\/wp-json\/wp\/v2\/media?parent=2445"}],"curies":[{"name":"wp","href":"https:\/\/api.w.org\/{rel}","templated":true}]}}